{"id":1558,"date":"2017-07-11T06:30:12","date_gmt":"2017-07-11T06:30:12","guid":{"rendered":"https:\/\/agropecuariasanjulian.com\/index.php\/gallery-7\/"},"modified":"2021-08-14T19:44:34","modified_gmt":"2021-08-15T01:44:34","slug":"gallery-7","status":"publish","type":"page","link":"https:\/\/agropecuariasanjulian.com\/index.php\/gallery-7\/","title":{"rendered":"Galer\u00eda"},"content":{"rendered":"\t\t<div data-elementor-type=\"wp-post\" data-elementor-id=\"1558\" class=\"elementor elementor-1558\">\n\t\t\t\t\t\t\t\t\t<section class=\"elementor-section elementor-top-section elementor-element elementor-element-fa51bed elementor-section-boxed elementor-section-height-default elementor-section-height-default\" data-id=\"fa51bed\" data-element_type=\"section\" data-settings=\"{&quot;background_background&quot;:&quot;classic&quot;}\">\n\t\t\t\t\t\t\t<div class=\"elementor-background-overlay\"><\/div>\n\t\t\t\t\t\t\t<div class=\"elementor-container elementor-column-gap-no\">\n\t\t\t\t\t<div class=\"elementor-column elementor-col-100 elementor-top-column elementor-element elementor-element-74a8848\" data-id=\"74a8848\" data-element_type=\"column\">\n\t\t\t<div class=\"elementor-widget-wrap elementor-element-populated\">\n\t\t\t\t\t\t\t\t<div class=\"elementor-element elementor-element-c3ff2c9 elementor-widget elementor-widget-heading\" data-id=\"c3ff2c9\" data-element_type=\"widget\" data-widget_type=\"heading.default\">\n\t\t\t\t<div class=\"elementor-widget-container\">\n\t\t\t<h1 class=\"elementor-heading-title elementor-size-default\">Galer\u00eda<\/h1>\t\t<\/div>\n\t\t\t\t<\/div>\n\t\t\t\t<div class=\"elementor-element elementor-element-03a4db6 elementor-widget elementor-widget-text-editor\" data-id=\"03a4db6\" data-element_type=\"widget\" data-widget_type=\"text-editor.default\">\n\t\t\t\t<div class=\"elementor-widget-container\">\n\t\t\t\t\t\t\t\t\t\t\t\t\t<\/div>\n\t\t\t\t<\/div>\n\t\t\t\t\t<\/div>\n\t\t<\/div>\n\t\t\t\t\t\t\t<\/div>\n\t\t<\/section>\n\t\t\t\t<section class=\"elementor-section elementor-top-section elementor-element elementor-element-7c8c773 elementor-section-boxed elementor-section-height-default elementor-section-height-default\" data-id=\"7c8c773\" data-element_type=\"section\">\n\t\t\t\t\t\t<div class=\"elementor-container elementor-column-gap-no\">\n\t\t\t\t\t<div class=\"elementor-column elementor-col-100 elementor-top-column elementor-element elementor-element-aa095c6\" data-id=\"aa095c6\" data-element_type=\"column\">\n\t\t\t<div class=\"elementor-widget-wrap elementor-element-populated\">\n\t\t\t\t\t\t\t\t<div class=\"elementor-element elementor-element-3a5cddd gallery-spacing-custom elementor-widget elementor-widget-image-gallery\" data-id=\"3a5cddd\" data-element_type=\"widget\" data-widget_type=\"image-gallery.default\">\n\t\t\t\t<div class=\"elementor-widget-container\">\n\t\t\t\t\t<div class=\"elementor-image-gallery\">\n\t\t\t<div id='gallery-1' class='gallery galleryid-1558 gallery-columns-3 gallery-size-full'><figure class='gallery-item'>\n\t\t\t<div class='gallery-icon landscape'>\n\t\t\t\t<a data-elementor-open-lightbox=\"yes\" data-elementor-lightbox-slideshow=\"3a5cddd\" data-elementor-lightbox-title=\"7\" e-action-hash=\"#elementor-action%3Aaction%3Dlightbox%26settings%3DeyJpZCI6MTY0NSwidXJsIjoiaHR0cHM6XC9cL2Fncm9wZWN1YXJpYXNhbmp1bGlhbi5jb21cL3dwLWNvbnRlbnRcL3VwbG9hZHNcLzIwMjFcLzA1XC83LnBuZyIsInNsaWRlc2hvdyI6IjNhNWNkZGQifQ%3D%3D\" href='https:\/\/agropecuariasanjulian.com\/wp-content\/uploads\/2021\/05\/7.png'><img width=\"640\" height=\"480\" src=\"https:\/\/agropecuariasanjulian.com\/wp-content\/uploads\/2021\/05\/7.png\" class=\"attachment-full size-full\" alt=\"\" loading=\"lazy\" srcset=\"https:\/\/agropecuariasanjulian.com\/wp-content\/uploads\/2021\/05\/7.png 640w, https:\/\/agropecuariasanjulian.com\/wp-content\/uploads\/2021\/05\/7-300x225.png 300w\" sizes=\"(max-width: 640px) 100vw, 640px\" \/><\/a>\n\t\t\t<\/div><\/figure><figure class='gallery-item'>\n\t\t\t<div class='gallery-icon landscape'>\n\t\t\t\t<a data-elementor-open-lightbox=\"yes\" data-elementor-lightbox-slideshow=\"3a5cddd\" data-elementor-lightbox-title=\"Cerdo portada\" e-action-hash=\"#elementor-action%3Aaction%3Dlightbox%26settings%3DeyJpZCI6MTY0NiwidXJsIjoiaHR0cHM6XC9cL2Fncm9wZWN1YXJpYXNhbmp1bGlhbi5jb21cL3dwLWNvbnRlbnRcL3VwbG9hZHNcLzIwMjFcLzA1XC82LnBuZyIsInNsaWRlc2hvdyI6IjNhNWNkZGQifQ%3D%3D\" href='https:\/\/agropecuariasanjulian.com\/wp-content\/uploads\/2021\/05\/6.png'><img width=\"640\" height=\"480\" src=\"https:\/\/agropecuariasanjulian.com\/wp-content\/uploads\/2021\/05\/6.png\" class=\"attachment-full size-full\" alt=\"\" loading=\"lazy\" srcset=\"https:\/\/agropecuariasanjulian.com\/wp-content\/uploads\/2021\/05\/6.png 640w, https:\/\/agropecuariasanjulian.com\/wp-content\/uploads\/2021\/05\/6-300x225.png 300w\" sizes=\"(max-width: 640px) 100vw, 640px\" \/><\/a>\n\t\t\t<\/div><\/figure><figure class='gallery-item'>\n\t\t\t<div class='gallery-icon landscape'>\n\t\t\t\t<a data-elementor-open-lightbox=\"yes\" data-elementor-lightbox-slideshow=\"3a5cddd\" data-elementor-lightbox-title=\"Gallina portada\" e-action-hash=\"#elementor-action%3Aaction%3Dlightbox%26settings%3DeyJpZCI6MTY0NywidXJsIjoiaHR0cHM6XC9cL2Fncm9wZWN1YXJpYXNhbmp1bGlhbi5jb21cL3dwLWNvbnRlbnRcL3VwbG9hZHNcLzIwMjFcLzA1XC81LnBuZyIsInNsaWRlc2hvdyI6IjNhNWNkZGQifQ%3D%3D\" href='https:\/\/agropecuariasanjulian.com\/wp-content\/uploads\/2021\/05\/5.png'><img width=\"640\" height=\"480\" src=\"https:\/\/agropecuariasanjulian.com\/wp-content\/uploads\/2021\/05\/5.png\" class=\"attachment-full size-full\" alt=\"\" loading=\"lazy\" srcset=\"https:\/\/agropecuariasanjulian.com\/wp-content\/uploads\/2021\/05\/5.png 640w, https:\/\/agropecuariasanjulian.com\/wp-content\/uploads\/2021\/05\/5-300x225.png 300w\" sizes=\"(max-width: 640px) 100vw, 640px\" \/><\/a>\n\t\t\t<\/div><\/figure><figure class='gallery-item'>\n\t\t\t<div class='gallery-icon landscape'>\n\t\t\t\t<a data-elementor-open-lightbox=\"yes\" data-elementor-lightbox-slideshow=\"3a5cddd\" data-elementor-lightbox-title=\"3\" e-action-hash=\"#elementor-action%3Aaction%3Dlightbox%26settings%3DeyJpZCI6MTY0OCwidXJsIjoiaHR0cHM6XC9cL2Fncm9wZWN1YXJpYXNhbmp1bGlhbi5jb21cL3dwLWNvbnRlbnRcL3VwbG9hZHNcLzIwMjFcLzA1XC8zLnBuZyIsInNsaWRlc2hvdyI6IjNhNWNkZGQifQ%3D%3D\" href='https:\/\/agropecuariasanjulian.com\/wp-content\/uploads\/2021\/05\/3.png'><img width=\"640\" height=\"480\" src=\"https:\/\/agropecuariasanjulian.com\/wp-content\/uploads\/2021\/05\/3.png\" class=\"attachment-full size-full\" alt=\"\" loading=\"lazy\" srcset=\"https:\/\/agropecuariasanjulian.com\/wp-content\/uploads\/2021\/05\/3.png 640w, https:\/\/agropecuariasanjulian.com\/wp-content\/uploads\/2021\/05\/3-300x225.png 300w\" sizes=\"(max-width: 640px) 100vw, 640px\" \/><\/a>\n\t\t\t<\/div><\/figure><figure class='gallery-item'>\n\t\t\t<div class='gallery-icon landscape'>\n\t\t\t\t<a data-elementor-open-lightbox=\"yes\" data-elementor-lightbox-slideshow=\"3a5cddd\" data-elementor-lightbox-title=\"Vaca portada\" e-action-hash=\"#elementor-action%3Aaction%3Dlightbox%26settings%3DeyJpZCI6MTY0OSwidXJsIjoiaHR0cHM6XC9cL2Fncm9wZWN1YXJpYXNhbmp1bGlhbi5jb21cL3dwLWNvbnRlbnRcL3VwbG9hZHNcLzIwMjFcLzA1XC8yLnBuZyIsInNsaWRlc2hvdyI6IjNhNWNkZGQifQ%3D%3D\" href='https:\/\/agropecuariasanjulian.com\/wp-content\/uploads\/2021\/05\/2.png'><img width=\"640\" height=\"480\" src=\"https:\/\/agropecuariasanjulian.com\/wp-content\/uploads\/2021\/05\/2.png\" class=\"attachment-full size-full\" alt=\"\" loading=\"lazy\" srcset=\"https:\/\/agropecuariasanjulian.com\/wp-content\/uploads\/2021\/05\/2.png 640w, https:\/\/agropecuariasanjulian.com\/wp-content\/uploads\/2021\/05\/2-300x225.png 300w\" sizes=\"(max-width: 640px) 100vw, 640px\" \/><\/a>\n\t\t\t<\/div><\/figure><figure class='gallery-item'>\n\t\t\t<div class='gallery-icon landscape'>\n\t\t\t\t<a data-elementor-open-lightbox=\"yes\" data-elementor-lightbox-slideshow=\"3a5cddd\" data-elementor-lightbox-title=\"11\" e-action-hash=\"#elementor-action%3Aaction%3Dlightbox%26settings%3DeyJpZCI6MTY1NywidXJsIjoiaHR0cHM6XC9cL2Fncm9wZWN1YXJpYXNhbmp1bGlhbi5jb21cL3dwLWNvbnRlbnRcL3VwbG9hZHNcLzIwMjFcLzA1XC8xMS5wbmciLCJzbGlkZXNob3ciOiIzYTVjZGRkIn0%3D\" href='https:\/\/agropecuariasanjulian.com\/wp-content\/uploads\/2021\/05\/11.png'><img width=\"640\" height=\"480\" src=\"https:\/\/agropecuariasanjulian.com\/wp-content\/uploads\/2021\/05\/11.png\" class=\"attachment-full size-full\" alt=\"\" loading=\"lazy\" srcset=\"https:\/\/agropecuariasanjulian.com\/wp-content\/uploads\/2021\/05\/11.png 640w, https:\/\/agropecuariasanjulian.com\/wp-content\/uploads\/2021\/05\/11-300x225.png 300w\" sizes=\"(max-width: 640px) 100vw, 640px\" \/><\/a>\n\t\t\t<\/div><\/figure><figure class='gallery-item'>\n\t\t\t<div class='gallery-icon landscape'>\n\t\t\t\t<a data-elementor-open-lightbox=\"yes\" data-elementor-lightbox-slideshow=\"3a5cddd\" data-elementor-lightbox-title=\"Conejo Portada\" e-action-hash=\"#elementor-action%3Aaction%3Dlightbox%26settings%3DeyJpZCI6MTY1OCwidXJsIjoiaHR0cHM6XC9cL2Fncm9wZWN1YXJpYXNhbmp1bGlhbi5jb21cL3dwLWNvbnRlbnRcL3VwbG9hZHNcLzIwMjFcLzA1XC8xMC5wbmciLCJzbGlkZXNob3ciOiIzYTVjZGRkIn0%3D\" href='https:\/\/agropecuariasanjulian.com\/wp-content\/uploads\/2021\/05\/10.png'><img width=\"640\" height=\"480\" src=\"https:\/\/agropecuariasanjulian.com\/wp-content\/uploads\/2021\/05\/10.png\" class=\"attachment-full size-full\" alt=\"\" loading=\"lazy\" srcset=\"https:\/\/agropecuariasanjulian.com\/wp-content\/uploads\/2021\/05\/10.png 640w, https:\/\/agropecuariasanjulian.com\/wp-content\/uploads\/2021\/05\/10-300x225.png 300w\" sizes=\"(max-width: 640px) 100vw, 640px\" \/><\/a>\n\t\t\t<\/div><\/figure><figure class='gallery-item'>\n\t\t\t<div class='gallery-icon landscape'>\n\t\t\t\t<a data-elementor-open-lightbox=\"yes\" data-elementor-lightbox-slideshow=\"3a5cddd\" data-elementor-lightbox-title=\"12\" e-action-hash=\"#elementor-action%3Aaction%3Dlightbox%26settings%3DeyJpZCI6MTY1NiwidXJsIjoiaHR0cHM6XC9cL2Fncm9wZWN1YXJpYXNhbmp1bGlhbi5jb21cL3dwLWNvbnRlbnRcL3VwbG9hZHNcLzIwMjFcLzA1XC8xMi5wbmciLCJzbGlkZXNob3ciOiIzYTVjZGRkIn0%3D\" href='https:\/\/agropecuariasanjulian.com\/wp-content\/uploads\/2021\/05\/12.png'><img width=\"640\" height=\"480\" src=\"https:\/\/agropecuariasanjulian.com\/wp-content\/uploads\/2021\/05\/12.png\" class=\"attachment-full size-full\" alt=\"\" loading=\"lazy\" srcset=\"https:\/\/agropecuariasanjulian.com\/wp-content\/uploads\/2021\/05\/12.png 640w, https:\/\/agropecuariasanjulian.com\/wp-content\/uploads\/2021\/05\/12-300x225.png 300w\" sizes=\"(max-width: 640px) 100vw, 640px\" \/><\/a>\n\t\t\t<\/div><\/figure><figure class='gallery-item'>\n\t\t\t<div class='gallery-icon landscape'>\n\t\t\t\t<a data-elementor-open-lightbox=\"yes\" data-elementor-lightbox-slideshow=\"3a5cddd\" data-elementor-lightbox-title=\"14\" e-action-hash=\"#elementor-action%3Aaction%3Dlightbox%26settings%3DeyJpZCI6MTY1NCwidXJsIjoiaHR0cHM6XC9cL2Fncm9wZWN1YXJpYXNhbmp1bGlhbi5jb21cL3dwLWNvbnRlbnRcL3VwbG9hZHNcLzIwMjFcLzA1XC8xNC5wbmciLCJzbGlkZXNob3ciOiIzYTVjZGRkIn0%3D\" href='https:\/\/agropecuariasanjulian.com\/wp-content\/uploads\/2021\/05\/14.png'><img width=\"640\" height=\"480\" src=\"https:\/\/agropecuariasanjulian.com\/wp-content\/uploads\/2021\/05\/14.png\" class=\"attachment-full size-full\" alt=\"\" loading=\"lazy\" srcset=\"https:\/\/agropecuariasanjulian.com\/wp-content\/uploads\/2021\/05\/14.png 640w, https:\/\/agropecuariasanjulian.com\/wp-content\/uploads\/2021\/05\/14-300x225.png 300w\" sizes=\"(max-width: 640px) 100vw, 640px\" \/><\/a>\n\t\t\t<\/div><\/figure>\n\t\t<\/div>\n\t\t<\/div>\n\t\t\t\t<\/div>\n\t\t\t\t<\/div>\n\t\t\t\t\t<\/div>\n\t\t<\/div>\n\t\t\t\t\t\t\t<\/div>\n\t\t<\/section>\n\t\t\t\t<section class=\"elementor-section elementor-top-section elementor-element elementor-element-b86f1ae elementor-section-boxed elementor-section-height-default elementor-section-height-default\" data-id=\"b86f1ae\" data-element_type=\"section\" data-settings=\"{&quot;background_background&quot;:&quot;classic&quot;}\">\n\t\t\t\t\t\t<div class=\"elementor-container elementor-column-gap-no\">\n\t\t\t\t\t<div class=\"elementor-column elementor-col-100 elementor-top-column elementor-element elementor-element-f3fbf56\" data-id=\"f3fbf56\" data-element_type=\"column\">\n\t\t\t<div class=\"elementor-widget-wrap elementor-element-populated\">\n\t\t\t\t\t\t\t\t<div class=\"elementor-element elementor-element-ad0d4a9 elementor-widget elementor-widget-heading\" data-id=\"ad0d4a9\" data-element_type=\"widget\" data-widget_type=\"heading.default\">\n\t\t\t\t<div class=\"elementor-widget-container\">\n\t\t\t<h2 class=\"elementor-heading-title elementor-size-default\">Nuestros productos<\/h2>\t\t<\/div>\n\t\t\t\t<\/div>\n\t\t\t\t<div class=\"elementor-element elementor-element-078bbb8 elementor-widget-divider--view-line elementor-widget elementor-widget-divider\" data-id=\"078bbb8\" data-element_type=\"widget\" data-widget_type=\"divider.default\">\n\t\t\t\t<div class=\"elementor-widget-container\">\n\t\t\t\t\t<div class=\"elementor-divider\">\n\t\t\t<span class=\"elementor-divider-separator\">\n\t\t\t\t\t\t<\/span>\n\t\t<\/div>\n\t\t\t\t<\/div>\n\t\t\t\t<\/div>\n\t\t\t\t<div class=\"elementor-element elementor-element-22e614a elementor-widget elementor-widget-text-editor\" data-id=\"22e614a\" data-element_type=\"widget\" data-widget_type=\"text-editor.default\">\n\t\t\t\t<div class=\"elementor-widget-container\">\n\t\t\t\t\t\t\t<p>Contamos con el apoyo y respaldo de las marcas de mayor prestigio del pa\u00eds, todas y cada una seleccionadas por su calidad y desempe\u00f1o, ya que cuentan con los m\u00e1s altos est\u00e1ndares en todos sus procesos, desde la recepci\u00f3n de los ingredientes y materias primas, hasta la entrega de los productos al cliente, con lo que se busca lograr que el productor obtenga los mejores resultados en su sistema de producci\u00f3n<\/p>\t\t\t\t\t\t<\/div>\n\t\t\t\t<\/div>\n\t\t\t\t<div class=\"elementor-element elementor-element-dff586a elementor-tablet-align-left elementor-widget elementor-widget-button\" data-id=\"dff586a\" data-element_type=\"widget\" data-widget_type=\"button.default\">\n\t\t\t\t<div class=\"elementor-widget-container\">\n\t\t\t\t\t<div class=\"elementor-button-wrapper\">\n\t\t\t<a href=\"https:\/\/agropecuariasanjulian.com\/index.php\/contact-2\/\" class=\"elementor-button-link elementor-button elementor-size-sm\" role=\"button\">\n\t\t\t\t\t\t<span class=\"elementor-button-content-wrapper\">\n\t\t\t\t\t\t<span class=\"elementor-button-text\">Solicita t\u00fa cotizaci\u00f3n<\/span>\n\t\t<\/span>\n\t\t\t\t\t<\/a>\n\t\t<\/div>\n\t\t\t\t<\/div>\n\t\t\t\t<\/div>\n\t\t\t\t\t<\/div>\n\t\t<\/div>\n\t\t\t\t\t\t\t<\/div>\n\t\t<\/section>\n\t\t\t\t\t\t\t<\/div>\n\t\t","protected":false},"excerpt":{"rendered":"<p>Galer\u00eda Nuestros productos Contamos con el apoyo y respaldo de las marcas de mayor prestigio del pa\u00eds, todas y cada una seleccionadas por su calidad y desempe\u00f1o, ya que cuentan con los m\u00e1s altos est\u00e1ndares en todos sus procesos, desde la recepci\u00f3n de los ingredientes y materias primas, hasta la entrega de los productos al &hellip;<\/p>\n<p class=\"read-more\"> <a class=\"\" href=\"https:\/\/agropecuariasanjulian.com\/index.php\/gallery-7\/\"> <span class=\"screen-reader-text\">Galer\u00eda<\/span> Read More &raquo;<\/a><\/p>\n","protected":false},"author":1,"featured_media":0,"parent":0,"menu_order":0,"comment_status":"closed","ping_status":"closed","template":"","meta":{"site-sidebar-layout":"no-sidebar","site-content-layout":"page-builder","ast-global-header-display":"","ast-main-header-display":"","ast-hfb-above-header-display":"","ast-hfb-below-header-display":"","ast-hfb-mobile-header-display":"","site-post-title":"disabled","ast-breadcrumbs-content":"","ast-featured-img":"disabled","footer-sml-layout":"","theme-transparent-header-meta":"enabled","adv-header-id-meta":"","stick-header-meta":"","header-above-stick-meta":"","header-main-stick-meta":"","header-below-stick-meta":""},"yoast_head":"<!-- This site is optimized with the Yoast SEO plugin v16.9 - https:\/\/yoast.com\/wordpress\/plugins\/seo\/ -->\n<title>Galer\u00eda - Agropecuaria San Juli\u00e1n<\/title>\n<meta name=\"robots\" content=\"index, follow, max-snippet:-1, max-image-preview:large, max-video-preview:-1\" \/>\n<link rel=\"canonical\" href=\"https:\/\/agropecuariasanjulian.com\/index.php\/gallery-7\/\" \/>\n<meta property=\"og:locale\" content=\"es_ES\" \/>\n<meta property=\"og:type\" content=\"article\" \/>\n<meta property=\"og:title\" content=\"Galer\u00eda - Agropecuaria San Juli\u00e1n\" \/>\n<meta property=\"og:description\" content=\"Galer\u00eda Nuestros productos Contamos con el apoyo y respaldo de las marcas de mayor prestigio del pa\u00eds, todas y cada una seleccionadas por su calidad y desempe\u00f1o, ya que cuentan con los m\u00e1s altos est\u00e1ndares en todos sus procesos, desde la recepci\u00f3n de los ingredientes y materias primas, hasta la entrega de los productos al &hellip; Galer\u00eda Read More &raquo;\" \/>\n<meta property=\"og:url\" content=\"https:\/\/agropecuariasanjulian.com\/index.php\/gallery-7\/\" \/>\n<meta property=\"og:site_name\" content=\"Agropecuaria San Juli\u00e1n\" \/>\n<meta property=\"article:modified_time\" content=\"2021-08-15T01:44:34+00:00\" \/>\n<meta property=\"og:image\" content=\"https:\/\/agropecuariasanjulian.com\/wp-content\/uploads\/2021\/05\/7.png\" \/>\n<meta name=\"twitter:card\" content=\"summary_large_image\" \/>\n<meta name=\"twitter:label1\" content=\"Est. reading time\" \/>\n\t<meta name=\"twitter:data1\" content=\"3 minutos\" \/>\n<script type=\"application\/ld+json\" class=\"yoast-schema-graph\">{\"@context\":\"https:\/\/schema.org\",\"@graph\":[{\"@type\":\"WebSite\",\"@id\":\"https:\/\/agropecuariasanjulian.com\/#website\",\"url\":\"https:\/\/agropecuariasanjulian.com\/\",\"name\":\"Agropecuaria San Juli\\u00e1n\",\"description\":\"De todo para tus granjas.\",\"potentialAction\":[{\"@type\":\"SearchAction\",\"target\":{\"@type\":\"EntryPoint\",\"urlTemplate\":\"https:\/\/agropecuariasanjulian.com\/?s={search_term_string}\"},\"query-input\":\"required name=search_term_string\"}],\"inLanguage\":\"es\"},{\"@type\":\"ImageObject\",\"@id\":\"https:\/\/agropecuariasanjulian.com\/index.php\/gallery-7\/#primaryimage\",\"inLanguage\":\"es\",\"url\":\"https:\/\/agropecuariasanjulian.com\/wp-content\/uploads\/2021\/05\/7.png\",\"contentUrl\":\"https:\/\/agropecuariasanjulian.com\/wp-content\/uploads\/2021\/05\/7.png\",\"width\":640,\"height\":480},{\"@type\":\"WebPage\",\"@id\":\"https:\/\/agropecuariasanjulian.com\/index.php\/gallery-7\/#webpage\",\"url\":\"https:\/\/agropecuariasanjulian.com\/index.php\/gallery-7\/\",\"name\":\"Galer\\u00eda - Agropecuaria San Juli\\u00e1n\",\"isPartOf\":{\"@id\":\"https:\/\/agropecuariasanjulian.com\/#website\"},\"primaryImageOfPage\":{\"@id\":\"https:\/\/agropecuariasanjulian.com\/index.php\/gallery-7\/#primaryimage\"},\"datePublished\":\"2017-07-11T06:30:12+00:00\",\"dateModified\":\"2021-08-15T01:44:34+00:00\",\"breadcrumb\":{\"@id\":\"https:\/\/agropecuariasanjulian.com\/index.php\/gallery-7\/#breadcrumb\"},\"inLanguage\":\"es\",\"potentialAction\":[{\"@type\":\"ReadAction\",\"target\":[\"https:\/\/agropecuariasanjulian.com\/index.php\/gallery-7\/\"]}]},{\"@type\":\"BreadcrumbList\",\"@id\":\"https:\/\/agropecuariasanjulian.com\/index.php\/gallery-7\/#breadcrumb\",\"itemListElement\":[{\"@type\":\"ListItem\",\"position\":1,\"name\":\"Bienvenido\",\"item\":\"https:\/\/agropecuariasanjulian.com\/\"},{\"@type\":\"ListItem\",\"position\":2,\"name\":\"Galer\\u00eda\"}]}]}<\/script>\n<!-- \/ Yoast SEO plugin. -->","yoast_head_json":{"title":"Galer\u00eda - Agropecuaria San Juli\u00e1n","robots":{"index":"index","follow":"follow","max-snippet":"max-snippet:-1","max-image-preview":"max-image-preview:large","max-video-preview":"max-video-preview:-1"},"canonical":"https:\/\/agropecuariasanjulian.com\/index.php\/gallery-7\/","og_locale":"es_ES","og_type":"article","og_title":"Galer\u00eda - Agropecuaria San Juli\u00e1n","og_description":"Galer\u00eda Nuestros productos Contamos con el apoyo y respaldo de las marcas de mayor prestigio del pa\u00eds, todas y cada una seleccionadas por su calidad y desempe\u00f1o, ya que cuentan con los m\u00e1s altos est\u00e1ndares en todos sus procesos, desde la recepci\u00f3n de los ingredientes y materias primas, hasta la entrega de los productos al &hellip; Galer\u00eda Read More &raquo;","og_url":"https:\/\/agropecuariasanjulian.com\/index.php\/gallery-7\/","og_site_name":"Agropecuaria San Juli\u00e1n","article_modified_time":"2021-08-15T01:44:34+00:00","og_image":[{"url":"https:\/\/agropecuariasanjulian.com\/wp-content\/uploads\/2021\/05\/7.png"}],"twitter_card":"summary_large_image","twitter_misc":{"Est. reading time":"3 minutos"},"schema":{"@context":"https:\/\/schema.org","@graph":[{"@type":"WebSite","@id":"https:\/\/agropecuariasanjulian.com\/#website","url":"https:\/\/agropecuariasanjulian.com\/","name":"Agropecuaria San Juli\u00e1n","description":"De todo para tus granjas.","potentialAction":[{"@type":"SearchAction","target":{"@type":"EntryPoint","urlTemplate":"https:\/\/agropecuariasanjulian.com\/?s={search_term_string}"},"query-input":"required name=search_term_string"}],"inLanguage":"es"},{"@type":"ImageObject","@id":"https:\/\/agropecuariasanjulian.com\/index.php\/gallery-7\/#primaryimage","inLanguage":"es","url":"https:\/\/agropecuariasanjulian.com\/wp-content\/uploads\/2021\/05\/7.png","contentUrl":"https:\/\/agropecuariasanjulian.com\/wp-content\/uploads\/2021\/05\/7.png","width":640,"height":480},{"@type":"WebPage","@id":"https:\/\/agropecuariasanjulian.com\/index.php\/gallery-7\/#webpage","url":"https:\/\/agropecuariasanjulian.com\/index.php\/gallery-7\/","name":"Galer\u00eda - Agropecuaria San Juli\u00e1n","isPartOf":{"@id":"https:\/\/agropecuariasanjulian.com\/#website"},"primaryImageOfPage":{"@id":"https:\/\/agropecuariasanjulian.com\/index.php\/gallery-7\/#primaryimage"},"datePublished":"2017-07-11T06:30:12+00:00","dateModified":"2021-08-15T01:44:34+00:00","breadcrumb":{"@id":"https:\/\/agropecuariasanjulian.com\/index.php\/gallery-7\/#breadcrumb"},"inLanguage":"es","potentialAction":[{"@type":"ReadAction","target":["https:\/\/agropecuariasanjulian.com\/index.php\/gallery-7\/"]}]},{"@type":"BreadcrumbList","@id":"https:\/\/agropecuariasanjulian.com\/index.php\/gallery-7\/#breadcrumb","itemListElement":[{"@type":"ListItem","position":1,"name":"Bienvenido","item":"https:\/\/agropecuariasanjulian.com\/"},{"@type":"ListItem","position":2,"name":"Galer\u00eda"}]}]}},"_links":{"self":[{"href":"https:\/\/agropecuariasanjulian.com\/index.php\/wp-json\/wp\/v2\/pages\/1558"}],"collection":[{"href":"https:\/\/agropecuariasanjulian.com\/index.php\/wp-json\/wp\/v2\/pages"}],"about":[{"href":"https:\/\/agropecuariasanjulian.com\/index.php\/wp-json\/wp\/v2\/types\/page"}],"author":[{"embeddable":true,"href":"https:\/\/agropecuariasanjulian.com\/index.php\/wp-json\/wp\/v2\/users\/1"}],"replies":[{"embeddable":true,"href":"https:\/\/agropecuariasanjulian.com\/index.php\/wp-json\/wp\/v2\/comments?post=1558"}],"version-history":[{"count":22,"href":"https:\/\/agropecuariasanjulian.com\/index.php\/wp-json\/wp\/v2\/pages\/1558\/revisions"}],"predecessor-version":[{"id":1996,"href":"https:\/\/agropecuariasanjulian.com\/index.php\/wp-json\/wp\/v2\/pages\/1558\/revisions\/1996"}],"wp:attachment":[{"href":"https:\/\/agropecuariasanjulian.com\/index.php\/wp-json\/wp\/v2\/media?parent=1558"}],"curies":[{"name":"wp","href":"https:\/\/api.w.org\/{rel}","templated":true}]}}